to base 4.
-231230330
-101201010011221 (base 3) to base 7
-66240661
What is -1300 (base 14) in base 3?
-11120102
What is -140420226 (base 7) in base 8?
-42652161
Convert -321302013 (base 4) to base 3.
-110000122220
What is -48831 (base 9) in base 13?
-11ba5
Convert -31e2e (base 15) to base 3.
-22001100022
What is 100011010001011000 (base 2) in base 13?
509b3
Convert 210210112111221 (base 3) to base 12.
3a6798a
Convert 20200101100 (base 3) to base 11.
8a885
1252571 (base 8) to base 11
2196a3
eecb (base 15) to base 14
14619
Convert -1827588 (base 12) to base 16.
-4cc478
125102503 (base 6) to base 12
9b7a33
Convert -1312204001 (base 5) to base 10.
-3241126
What is 210111330 (base 4) in base 12?
72190
Convert 208adc (base 14) to base 2.
100001100011111101010
Convert -480540 (base 10) to base 9.
-812153
Convert 76053166 (base 8) to base 2.
111110000101011001110110
-200201011112 (base 3) to base 2
-1011001111010001011
-716757 (base 10) to base 16
-aefd5
What is -1302003322 (base 5) in base 7?
-35555146
What is 1c724 (base 16) in base 10?
116516
-10111001001010111 (base 2) to base 7
-543256
Convert 132781 (base 11) to base 16.
32ebc
Convert 11041464 (base 7) to base 15.
13bd56
321531554 (base 6) to base 9
11630227
Convert -11210203130 (base 4) to base 16.
-1648dc
Convert 3424d (base 14) to base 5.
13023220
1b3a7 (base 12) to base 11
2830a
Convert -102123330 (base 4) to base 11.
-51811
What is 212a83 (base 11) in base 9?
568322
-40104335 (base 6) to base 10
-1128515
What is -229466 (base 10) in base 5?
-24320331
-7027c0 (base 14) to base 3
-21002121221011
-79161 (base 14) to base 11
-190892
-1010111100001011101111 (base 2) to base 13
-795518
766739 (base 13) to base 12
b23712
-238ae8 (base 15) to base 6
-100234445
What is -30153003 (base 7) in base 4?
-21202131321
What is 305051 (base 9) in base 12?
8879a
What is 62129a3 (base 11) in base 5?
10302014343
Convert 22118808 (base 9) to base 10.
10700918
What is -c728e (base 15) in base 14?
-126301
What is 10c96 (base 15) in base 10?
53466
Convert 100011011010011110010011 (base 2) to base 9.
18418472
Convert 11000110000010010100010 (base 2) to base 9.
13180517
What is 8ae43 (base 15) in base 8?
1537153
-102002121212221 (base 3) to base 15
-7b7637
-4431466 (base 10) to base 15
-5c8061
Convert 201112202121 (base 3) to base 9.
645677
Convert 21ae (base 15) to base 2.
1101111100011
Convert 111010111111001111 (base 2) to base 4.
322333033
Convert -202210302123 (base 4) to base 15.
-be0789
Convert 1b864 (base 16) to base 11.
77781
Convert -123030135 (base 6) to base 14.
-460831
Convert -123525421 (base 6) to base 5.
-1110002130
What is -110111010011010111110 (base 2) in base 3?
-10102001210222
What is a49bc (base 16) in base 10?
674236
Convert 2e62bd (base 15) to base 12.
90518a
Convert -c2765 (base 13) to base 6.
-11244532
3199b (base 12) to base 2
1111111101000111
10202110110 (base 3) to base 11
50631
-1001101101111110000 (base 2) to base 12
-134354
2223100121 (base 4) to base 3
1022122020012
-c4164 (base 16) to base 8
-3040544
Convert 1670230 (base 10) to base 13.
466303
What is -126786 (base 10) in base 8?
-367502
-565a9 (base 12) to base 4
-130003101
What is -134241313 (base 5) in base 8?
-2520212
What is -422104 (base 9) in base 10?
-250861
2555015 (base 6) to base 10
139763
-277e6 (base 15) to base 5
-13023131
-a4009 (base 13) to base 4
-1013320013
What is 10001011010101010010001 (base 2) in base 13?
c3b18a
-22200102021002 (base 3) to base 10
-4614032
30212003 (base 5) to base 11
155499
What is -1001111011101110001 (base 2) in base 15?
-66694
157739 (base 11) to base 13
8736a
What is -1a016 (base 13) in base 14?
-145ca
Convert -9569272 (base 10) to base 15.
-c90517
What is -201202014 (base 5) in base 7?
-6554141
What is -151056 (base 8) in base 6?
-1053034
Convert -10a593 (base 11) to base 16.
-2abdc
What is 928934 (base 10) in base 11?
584a16
234da9 (base 15) to base 14
31cc2d
What is 151662 (base 9) in base 3?
11201202002
10101000010110101000000 (base 2) to base 10
5516608
13234616 (base 8) to base 11
1744873
What is -9025c1 (base 16) in base 8?
-44022701
317164 (base 10) to base 14
83828
Convert 4b5b64 (base 13) to base 8.
6723455
What is 3362a (base 11) in base 3?
2110202202
What is -4917a8 (base 11) in base 13?
-21331b
What is 14881487 (base 9) in base 4?
130113013321
Convert a24919 (base 11) to base 2.
110010001111010010001
Convert -53328 (base 10) to base 7.
-311322
-105067 (base 8) to base 7
-205105
What is -114800 (base 10) in base 4?
-130001300
Convert 13566572 (base 8) to base 5.
1241403300
2120112112220 (base 3) to base 13
38c004
Convert 279503 (base 13) to base 14.
1b0dd4
What is -34124412 (base 5) in base 9?
-510056
Convert 4461160 (base 7) to base 12.
2279b4
Convert -36000510 (base 7) to base 12.
-10924b3
10200201102212 (base 3) to base 2
111011111001100100100
Convert -b46ac (base 16) to base 5.
-142121423
Convert 24435 (base 8) to base 9.
15384
What is -44412012 (base 5) in base 10?
-388382
-46410752 (base 8) to base 5
-10041102010
What is 404324 (base 8) in base 5?
13231312
What is -2944752 (base 10) in base 5?
-1223213002
What is -43832c (base 15) in base 6?
-152541540
-31039 (base 14) to base 4
-130310123
-215432 (base 7) to base 3
-1221001112
33303132111 (base 4) to base 8
17633625
Convert -468aa (base 16) to base 10.
-288938
Convert 1000111010100101111 (base 2) to base 15.
5b863
What is 3544030 (base 8) in base 6?
32432504
What is -120211012101000 (base 3) in base 15?
-b11656
-335765 (base 11) to base 13
-15947b
484212 (base 12) to base 10
1168430
What is -10001010111000101101 (base 2) in base 14?
-10b461
Convert cab8 (base 15) to base 14.
118dd
Convert 1101000110111110100 (base 2) to base 6.
13112404
Convert -88748 (base 9) to base 14.
-17695
What is -1131011030 (base 5) in base 16?
-2796d3
3129995 (base 10) to base 13
85788b
What is -1211402 (base 5) in base 8?
-54307
27211 (base 9) to base 11
12905
-20101311302 (base 4) to base 12
-887b02
Convert -d3d669 (base 14) to base 9.
-14387527
What is -501168 (base 9) in base 8?
-1102265
What is 40aea (base 15) in base 10?
204970
Convert -333313312 (base 4) to base 6.
-5335114
568183 (base 9) to base 2
1010011001001110111
1000011000000001110 (base 2) to base 16
4300e
Convert 1058371 (base 9) to base 15.
b400a
1291474 (base 13) to base 15
7a2377
-5867905 (base 12) to base 14
-23a0885
What is 147433 (base 16) in base 15?
1b7297
Convert -10313235 (base 6) to base 8.
-1124227
-1534261 (base 7) to base 2
-110011010111100000
Convert -15320310 (base 6) to base 15.
-a9ba0
Convert -1101010011111001100 (base 2) to base 15.
-89382
What is 5c53 (base 13) in base 10?
13081
What is 334801 (base 10) in base 11?
2095a5
What is -110010010000000100 (base 2) in base 5?
-23041303
Convert f7ce5 (base 16) to base 2.
11110111110011100101
What is -b68b4 (base 15) in base 7?
-4631215
12021311 (base 5) to base 3
12122000212
Convert -10120000122 (base 3) to base 14.
-1b721
Convert -5bc9ea (base 16) to base 4.
-112330213222
What is 4413875 (base 9) in base 16?
242f60
96637 (base 12) to base 6
4124111
Convert -22202130202 (base 4) to base 11.
-1617591
879187 (base 11) to base 2
101010110100011010010
What is -1463a9 (base 13) in base 11?
-3111a9
Convert 100100100100101100101 (base 2) to base 5.
301322222
What is -711aa6 (base 16) in base 5?
-3344144030
What is -b2129 (base 16) in base 10?
-729385
What is -12000101221011 (base 3) in base 9?
-5011834
Convert -2213122 (base 5) to base 13.
-14705
Convert 3310932 (base 12) to base 4.
211012220312
What is 1166636 (base 12) in base 9?
6306416
94b77 (base 16) to base 8
2245567
Convert 227126 (base 8) to base 6.
1354154
535a312 (base 11) to base 9
18658517
What is 10317645 (base 8) in base 14?
41508d
-3accc (base 13) to base 11
-75593
What is -4b377 (base 13) in base 11?
-95499
Convert 4000432 (base 7) to base 5.
110031230
What is -2444757 (base 8) in base 9?
-1236847
What is -14124340 (base 5) in base 7?
-1144322
Convert 1010210022 (base 3) to base 12.
10ba5
1111011101100010 (base 2) to base 4
33131202
-3014143 (base 5) to base 14
-13720
What is -44546 (base 8) in base 9?
-27687
Convert -110000100011110100010 (base 2) to base 10.
-1591202
-579769 (base 12) to base 10
-1405953
18916 (base 11) to base 8
63433
What is 764455 